on divisor of 1841 and 14.
7
What is the highest common divisor of 3 and 81?
3
What is the greatest common divisor of 115 and 92?
23
Calculate the highest common factor of 435 and 315.
15
What is the greatest common factor of 16944 and 24?
24
What is the highest common factor of 2227 and 393?
131
What is the greatest common divisor of 35 and 595?
35
Calculate the greatest common factor of 22 and 66.
22
What is the highest common factor of 185 and 30?
5
What is the greatest common divisor of 164 and 14678?
82
What is the highest common factor of 160 and 5?
5
Calculate the highest common factor of 5559 and 34.
17
Calculate the highest common divisor of 376 and 24252.
188
Calculate the greatest common factor of 247 and 36803.
247
What is the greatest common divisor of 112 and 528?
16
What is the greatest common factor of 160 and 1000?
40
What is the greatest common divisor of 226 and 2147?
113
What is the highest common factor of 368 and 272?
16
Calculate the highest common divisor of 33 and 6105.
33
What is the greatest common factor of 33 and 2475?
33
Calculate the greatest common factor of 1104 and 96.
48
Calculate the greatest common factor of 184 and 1748.
92
What is the highest common factor of 74 and 2368?
74
Calculate the greatest common divisor of 393 and 5371.
131
What is the greatest common divisor of 16 and 44?
4
What is the greatest common factor of 34 and 16?
2
What is the highest common divisor of 312 and 1356?
12
What is the greatest common factor of 52 and 16?
4
What is the highest common divisor of 237 and 10349?
79
What is the greatest common divisor of 21 and 3892?
7
What is the highest common divisor of 8 and 1150?
2
What is the greatest common divisor of 77 and 1001?
77
What is the highest common divisor of 12 and 61980?
12
What is the greatest common divisor of 1008 and 63?
63
What is the highest common divisor of 344 and 16?
8
Calculate the highest common factor of 209 and 33.
11
What is the greatest common divisor of 884 and 52?
52
What is the greatest common divisor of 125 and 9175?
25
What is the highest common factor of 212 and 4?
4
Calculate the highest common factor of 432 and 3984.
48
What is the greatest common factor of 266 and 112?
14
What is the greatest common factor of 8 and 508?
4
What is the greatest common factor of 61 and 427?
61
What is the greatest common divisor of 80 and 10?
10
Calculate the highest common factor of 952 and 204.
68
Calculate the greatest common divisor of 7578 and 36.
18
What is the greatest common factor of 3 and 11?
1
What is the greatest common factor of 693 and 22?
11
Calculate the greatest common divisor of 45 and 1521.
9
Calculate the greatest common factor of 17251 and 13.
13
Calculate the greatest common divisor of 1127 and 49.
49
Calculate the greatest common factor of 38 and 9044.
38
Calculate the highest common factor of 1216 and 64.
64
Calculate the greatest common factor of 120 and 35.
5
What is the greatest common factor of 352 and 2376?
88
What is the highest common divisor of 48 and 896?
16
What is the highest common factor of 98 and 882?
98
Calculate the highest common factor of 1955 and 170.
85
What is the highest common divisor of 28 and 21?
7
Calculate the highest common factor of 2553 and 345.
69
Calculate the greatest common divisor of 190 and 114.
38
Calculate the highest common divisor of 1278 and 45.
9
Calculate the greatest common divisor of 360 and 7720.
40
Calculate the greatest common divisor of 20480 and 32.
32
Calculate the greatest common factor of 42 and 30.
6
What is the greatest common factor of 3996 and 6?
6
What is the greatest common divisor of 294 and 12?
6
Calculate the greatest common divisor of 4016 and 208.
16
What is the highest common factor of 14526 and 27?
27
What is the greatest common divisor of 3 and 4119?
3
Calculate the highest common divisor of 288 and 180.
36
Calculate the highest common factor of 40 and 30.
10
What is the highest common factor of 1899 and 36?
9
Calculate the highest common divisor of 111 and 7104.
111
What is the greatest common divisor of 841 and 116?
29
What is the highest common divisor of 624 and 528?
48
What is the greatest common divisor of 785 and 5?
5
Calculate the greatest common factor of 1056 and 192.
96
What is the highest common factor of 32 and 2688?
32
Calculate the highest common factor of 2076 and 24.
12
What is the highest common factor of 88 and 88?
88
Calculate the highest common divisor of 580 and 14.
2
Calculate the highest common factor of 1072 and 80.
16
What is the greatest common factor of 21 and 938?
7
What is the greatest common factor of 355 and 71?
71
What is the highest common factor of 374 and 34?
34
What is the greatest common factor of 2002 and 1573?
143
Calculate the greatest common divisor of 383 and 7.
1
What is the highest common factor of 31 and 1829?
31
Calculate the greatest common factor of 104 and 40.
8
Calculate the highest common divisor of 30 and 250.
10
What is the greatest common factor of 456 and 216?
24
Calculate the highest common divisor of 20 and 730.
10
Calculate the greatest common factor of 130 and 1274.
26
What is the highest common factor of 6 and 18?
6
Calculate the highest common divisor of 10094 and 196.
98
What is the highest common divisor of 285 and 60?
15
Calculate the greatest common divisor of 408 and 1296.
24
Calculate the greatest common divisor of 154 and 33.
11
What is the greatest common divisor of 528 and 8184?
264
What is the greatest common divisor of 15 and 17265?
15
Calculate the greatest common divisor of 12 and 156.
12
Calculate the highest common factor of 7112 and 168.
56
Calculate the greatest common factor of 148 and 28.
4
Calculate the highest common factor of 74 and 370.
74
What is the highest common divisor of 84 and 1785?
21
Calculate the highest common factor of 50641 and 89.
89
What is the greatest common divisor of 53 and 689?
53
What is the highest common factor of 40 and 40?
40
Calculate the greatest common factor of 72 and 9.
9
What is the greatest common divisor of 1508 and 364?
52
Calculate the highest common factor of 50 and 175.
25
What is the highest common factor of 11178 and 1104?
138
Calculate the highest common divisor of 12 and 1524.
12
Calculate the highest common factor of 1066 and 117.
13
Calculate the highest common factor of 551 and 76.
19
Calculate the greatest common divisor of 3 and 4863.
3
What is the greatest common factor of 405 and 324?
81
Calculate the greatest common factor of 3782 and 124.
62
What is the greatest common factor of 50 and 275?
25
Calculate the greatest common factor of 29 and 261.
29
Calculate the greatest common divisor of 14 and 2212.
14
Calculate the highest common divisor of 408 and 6.
6
What is the greatest common factor of 429 and 104?
13
What is the greatest common divisor of 1 and 739?
1
Calculate the highest common divisor of 18 and 4464.
18
What is the highest common divisor of 96 and 408?
24
What is the highest common divisor of 35 and 518?
7
Calculate the greatest common divisor of 8890 and 315.
35
Calculate the highest common divisor of 69 and 138.
69
Calculate the highest common factor of 1670 and 20.
10
Calculate the highest common factor of 9418 and 34.
34
What is the highest common factor of 48 and 72?
24
What is the highest common factor of 649 and 118?
59
Calculate the greatest common factor of 62 and 14136.
62
What is the greatest common divisor of 51 and 833?
17
Calculate the highest common factor of 38 and 266.
38
What is the highest common divisor of 3342 and 15?
3
What is the highest common factor of 2009 and 98?
49
Calculate the greatest common factor of 357 and 595.
119
Calculate the greatest common divisor of 57 and 3819.
57
Calculate the highest common divisor of 152 and 190.
38
What is the highest common divisor of 91 and 143?
13
Calculate the highest common factor of 55 and 143.
11
What is the greatest common divisor of 15 and 135?
15
Calculate the highest common divisor of 102 and 136.
34
What is the greatest common divisor of 10 and 18?
2
What is the greatest common divisor of 64 and 8?
8
What is the highest common factor of 118 and 177?
59
What is the greatest common factor of 170 and 544?
34
What is the greatest common factor of 468 and 252?
36
W